{"id":828,"date":"2015-09-19T17:18:29","date_gmt":"2015-09-19T16:18:29","guid":{"rendered":"https:\/\/lohran.com\/?product=gobelin-night-fever-9"},"modified":"2017-12-27T19:09:23","modified_gmt":"2017-12-27T18:09:23","slug":"gobelin-night-fever-9","status":"publish","type":"product","link":"https:\/\/lohran.com\/?product=gobelin-night-fever-9","title":{"rendered":"Gobelin Night Fever 9"},"content":{"rendered":"<p>Impression de l&#8217;affiche de la GNF 9 (Gobelin Night Fever 9) de 2008.<\/p>\n<p>L&#8217;affiche reprend le personnage &#8220;Urk&#8221;, figure embl\u00e9matique de la convention et caricature du dessinateur. Urk est ici assis sur son throne, repr\u00e9sentant la convention qui \u00e9tait pass\u00e9 \u00e0 l&#8217;\u00e9poque d&#8217;un statut d&#8217;une prestation locale \u00e0 Europ\u00e9enne amenant beaucoup de monde ainsi que d&#8217;importants \u00e9diteurs et cr\u00e9ateurs. Pour les collectionneurs et les nostalgiques, cette impression en A4 est faite sur un papier de qualit\u00e9 brillant blanc, afin de faire ressortir les couleurs et les contrastes. Son \u00e9paisseur est de 310gr\/m2 pour\u00a0avoir une illustration rigide et de qualit\u00e9.<\/p>\n","protected":false},"excerpt":{"rendered":"<p>Impression de l&#8217;affiche de la GNF 9 (Gobelin Night Fever 9) de 2008. L&#8217;affiche reprend le personnage &#8220;Urk&#8221;, figure embl\u00e9matique de la convention et caricature du dessinateur. Urk est ici assis sur son throne, repr\u00e9sentant la convention qui \u00e9tait pass\u00e9 \u00e0 l&#8217;\u00e9poque d&#8217;un statut d&#8217;une prestation locale \u00e0 Europ\u00e9enne amenant beaucoup de monde ainsi que [&hellip;]<\/p>\n","protected":false},"featured_media":825,"comment_status":"open","ping_status":"closed","template":"","meta":[],"product_cat":[53],"product_tag":[],"_links":{"self":[{"href":"https:\/\/lohran.com\/index.php?rest_route=\/wp\/v2\/product\/828"}],"collection":[{"href":"https:\/\/lohran.com\/index.php?rest_route=\/wp\/v2\/product"}],"about":[{"href":"https:\/\/lohran.com\/index.php?rest_route=\/wp\/v2\/types\/product"}],"replies":[{"embeddable":true,"href":"https:\/\/lohran.com\/index.php?rest_route=%2Fwp%2Fv2%2Fcomments&post=828"}],"wp:featuredmedia":[{"embeddable":true,"href":"https:\/\/lohran.com\/index.php?rest_route=\/wp\/v2\/media\/825"}],"wp:attachment":[{"href":"https:\/\/lohran.com\/index.php?rest_route=%2Fwp%2Fv2%2Fmedia&parent=828"}],"wp:term":[{"taxonomy":"product_cat","embeddable":true,"href":"https:\/\/lohran.com\/index.php?rest_route=%2Fwp%2Fv2%2Fproduct_cat&post=828"},{"taxonomy":"product_tag","embeddable":true,"href":"https:\/\/lohran.com\/index.php?rest_route=%2Fwp%2Fv2%2Fproduct_tag&post=828"}],"curies":[{"name":"wp","href":"https:\/\/api.w.org\/{rel}","templated":true}]}}