{"id":869,"date":"2015-09-19T20:45:44","date_gmt":"2015-09-19T19:45:44","guid":{"rendered":"https:\/\/lohran.com\/?product=urk-sur-son-trone"},"modified":"2017-12-27T19:59:50","modified_gmt":"2017-12-27T18:59:50","slug":"urk-sur-son-trone","status":"publish","type":"product","link":"https:\/\/lohran.com\/?product=urk-sur-son-trone","title":{"rendered":"Urk sur son tr\u00f4ne"},"content":{"rendered":"<p>Image de Urk sur son tr\u00f4ne, cette image correspond \u00e0 l&#8217;affiche de la GNF9 sans les logos.\u00a0Cette impression en A4 est faite sur un papier de qualit\u00e9 brillant blanc, afin de faire ressortir les couleurs et les contrastes. Son \u00e9paisseur est de 310gr\/m2 pour\u00a0avoir une illustration rigide et de qualit\u00e9.<\/p>\n<p>&nbsp;<\/p>\n","protected":false},"excerpt":{"rendered":"<p>Image de Urk sur son tr\u00f4ne, cette image correspond \u00e0 l&#8217;affiche de la GNF9 sans les logos.\u00a0Cette impression en A4 est faite sur un papier de qualit\u00e9 brillant blanc, afin de faire ressortir les couleurs et les contrastes. Son \u00e9paisseur est de 310gr\/m2 pour\u00a0avoir une illustration rigide et de qualit\u00e9. &nbsp;<\/p>\n","protected":false},"featured_media":867,"comment_status":"open","ping_status":"closed","template":"","meta":[],"product_cat":[53],"product_tag":[],"_links":{"self":[{"href":"https:\/\/lohran.com\/index.php?rest_route=\/wp\/v2\/product\/869"}],"collection":[{"href":"https:\/\/lohran.com\/index.php?rest_route=\/wp\/v2\/product"}],"about":[{"href":"https:\/\/lohran.com\/index.php?rest_route=\/wp\/v2\/types\/product"}],"replies":[{"embeddable":true,"href":"https:\/\/lohran.com\/index.php?rest_route=%2Fwp%2Fv2%2Fcomments&post=869"}],"wp:featuredmedia":[{"embeddable":true,"href":"https:\/\/lohran.com\/index.php?rest_route=\/wp\/v2\/media\/867"}],"wp:attachment":[{"href":"https:\/\/lohran.com\/index.php?rest_route=%2Fwp%2Fv2%2Fmedia&parent=869"}],"wp:term":[{"taxonomy":"product_cat","embeddable":true,"href":"https:\/\/lohran.com\/index.php?rest_route=%2Fwp%2Fv2%2Fproduct_cat&post=869"},{"taxonomy":"product_tag","embeddable":true,"href":"https:\/\/lohran.com\/index.php?rest_route=%2Fwp%2Fv2%2Fproduct_tag&post=869"}],"curies":[{"name":"wp","href":"https:\/\/api.w.org\/{rel}","templated":true}]}}